167
List the prime factors of 2513118.
2, 3, 23, 18211
List the prime factors of 9862086.
2, 3, 13, 59, 2143
What are the prime factors of 1805095?
5, 19, 19001
What are the prime factors of 3886579?
139, 27961
What are the prime factors of 4625813?
61, 75833
What are the prime factors of 1207373?
61, 19793
List the prime factors of 387340.
2, 5, 107, 181
List the prime factors of 8975416.
2, 599, 1873
List the prime factors of 9854598.
2, 3, 13, 126341
What are the prime factors of 21395876?
2, 5348969
What are the prime factors of 2280693?
3, 760231
What are the prime factors of 2981376?
2, 3, 647
What are the prime factors of 249201?
3, 27689
What are the prime factors of 13684478?
2, 1283, 5333
List the prime factors of 10215068.
2, 41, 199, 313
List the prime factors of 524330.
2, 5, 52433
What are the prime factors of 411323?
11, 61, 613
What are the prime factors of 11272374?
2, 3, 431, 1453
List the prime factors of 10403007.
3, 3467669
What are the prime factors of 4932795?
3, 5, 7, 109, 431
List the prime factors of 214006.
2, 13, 8231
List the prime factors of 96434.
2, 13, 3709
What are the prime factors of 809899?
23, 1531
List the prime factors of 62667.
3, 11, 211
List the prime factors of 3894123.
3, 43, 30187
What are the prime factors of 522453?
3, 349, 499
List the prime factors of 15801.
3, 23, 229
List the prime factors of 1133633.
1133633
List the prime factors of 1165891.
71, 16421
What are the prime factors of 344085?
3, 5, 7, 29, 113
What are the prime factors of 399020?
2, 5, 71, 281
What are the prime factors of 2638442?
2, 79, 16699
List the prime factors of 246840.
2, 3, 5, 11, 17
What are the prime factors of 141833?
141833
What are the prime factors of 551616?
2, 3, 13, 17
List the prime factors of 2122282.
2, 1061141
List the prime factors of 124573.
347, 359
What are the prime factors of 2191732?
2, 37, 59, 251
What are the prime factors of 3253268?
2, 41, 83, 239
What are the prime factors of 163491?
3, 54497
List the prime factors of 164177.
13, 73, 173
What are the prime factors of 642331?
503, 1277
List the prime factors of 83867.
7, 11981
List the prime factors of 132787.
17, 73, 107
What are the prime factors of 2329532?
2, 23, 25321
List the prime factors of 8602556.
2, 2150639
List the prime factors of 4753715.
5, 950743
List the prime factors of 3762557.
1429, 2633
What are the prime factors of 255071?
255071
What are the prime factors of 164319?
3, 54773
List the prime factors of 126567.
3, 7, 41
List the prime factors of 1628239.
23, 70793
List the prime factors of 115812.
2, 3, 3217
What are the prime factors of 2157530?
2, 5, 215753
What are the prime factors of 20482962?
2, 3, 79, 547
What are the prime factors of 1299196?
2, 324799
List the prime factors of 216595.
5, 43319
List the prime factors of 392088.
2, 3, 17, 31
List the prime factors of 298381.
29, 10289
List the prime factors of 30268.
2, 7, 23, 47
What are the prime factors of 21585168?
2, 3, 11, 13627
What are the prime factors of 1757836?
2, 439459
What are the prime factors of 1800141?
3, 7, 23, 3727
What are the prime factors of 122083?
13, 9391
List the prime factors of 1459419.
3, 13, 23, 1627
What are the prime factors of 436222?
2, 218111
What are the prime factors of 3049812?
2, 3, 9413
List the prime factors of 1168267.
43, 101, 269
What are the prime factors of 1773748?
2, 443437
List the prime factors of 100460.
2, 5, 5023
What are the prime factors of 728107?
103, 7069
What are the prime factors of 1709936?
2, 106871
What are the prime factors of 149924?
2, 37, 1013
What are the prime factors of 1960472?
2, 269, 911
What are the prime factors of 22728750?
2, 3, 5, 11, 19, 29
List the prime factors of 16634834.
2, 8317417
What are the prime factors of 308627?
11, 28057
List the prime factors of 7559652.
2, 3, 401, 1571
What are the prime factors of 610505?
5, 7, 17443
List the prime factors of 7656395.
5, 1531279
What are the prime factors of 2434670?
2, 5, 7, 34781
What are the prime factors of 12207248?
2, 137, 5569
What are the prime factors of 53843?
23, 2341
What are the prime factors of 516534?
2, 3, 19, 23, 197
List the prime factors of 146007.
3, 16223
What are the prime factors of 86782?
2, 43391
What are the prime factors of 4003613?
61, 65633
List the prime factors of 27721673.
7, 1109, 3571
List the prime factors of 225164.
2, 181, 311
What are the prime factors of 433599?
3, 19, 7607
What are the prime factors of 467351?
263, 1777
List the prime factors of 6217805.
5, 11, 113051
List the prime factors of 89633.
89633
What are the prime factors of 306365?
5, 71, 863
List the prime factors of 2992708.
2, 37, 73, 277
List the prime factors of 6157295.
5, 1231459
List the prime factors of 246747.
3, 233, 353
List the prime factors of 104424.
2, 3, 19, 229
What are the prime factors of 1324004?
2, 11, 30091
List the prime factors of 26223169.
7, 3746167
What are the prime factors of 2260151?
2260151
What are the prime factors of 678978?
2, 3, 67, 563
List the prime factors of 1700062.
2, 7, 13, 9341
List the prime factors of 3923339.
7, 560477
What are the prime factors of 359158?
2, 179579
What are the prime factors of 1455738?
2, 3, 331, 733
What are the prime factors of 1272919?
1272919
List the prime factors of 3923518.
2, 1961759
List the prime factors of 238280.
2, 5, 7, 23, 37
List the prime factors of 13298.
2, 61, 109
List the prime factors of 4454125.
5, 13, 2741
List the prime factors of 5483842.
2, 7, 13, 29, 1039
What are the prime factors of 9322064?
2, 53, 10993
List the prime factors of 2422971.
3, 269219
List the prime factors of 12228588.
2, 3, 131, 2593
What are the prime factors of 1892485?
5, 7, 139, 389
What are the prime factors of 2071814?
2, 389, 2663
What are the prime factors of 13985412?
2, 3, 7, 331, 503
List the prime factors of 34313.
34313
What are the prime factors of 7422623?
13, 239, 2389
What are the prime factors of 8210717?
19, 432143
List the prime factors of 8543335.
5, 53, 103, 313
List the prime factors of 7669151.
7, 181, 6053
List the prime factors of 35644128.
2, 3, 13
List the prime factors of 167605.
5, 33521
List the prime factors of 1888590.
2, 3, 5, 11, 59, 97
What are the prime factors of 2455181?
23, 106747
List the prime factors of 11065206.
2, 3, 1844201
What are the prime factors of 93054?
2, 3, 13, 1193
List the prime factors of 335111.
7, 977
What are the prime factors of 191414?
2, 95707
List the prime factors of 3438.
2, 3, 191
List the prime factors of 2881720.
2, 5, 72043
What are the prime factors of 605271?
3, 201757
What are the prime factors of 3597430?
2, 5, 23, 15641
List the prime factors of 10489.
17, 617
What are the prime factors of 4768911?
3, 7, 59, 1283
List the prime factors of 12107560.
2, 5, 19, 89, 179
What are the prime factors of 298492?
2, 74623
List the prime factors of 1692383.
7, 11, 31, 709
List the prime factors of 82828.
2, 20707
List the prime factors of 1104597.
3, 13, 1049
List the prime factors of 3569999.
449, 7951
List the prime factors of 721003.
721003
What are the prime factors of 98613?
3, 10957
List the prime factors of 16588566.
2, 3, 17, 23, 2357
What are the prime factors of 139717?
31, 4507
What are the prime factors of 33632172?
2, 3, 7, 4943
What are the prime factors of 25995486?
2, 3, 11, 393871
What are the prime factors of 11493067?
137, 83891
List the prime factors of 8677391.
8677391
What are the prime factors of 173076?
2, 3, 14423
What are the prime factors of 445728?
2, 3, 4643
What are the prime factors of 12184069?
12184069
List the prime factors of 157687.
137, 1151
What are the prime factors of 32045599?
31, 97, 10657
List the prime factors of 10772918.
2, 13, 367, 1129
List the prime factors of 21025490.
2, 5, 2102549
What are the prime factors of 27165?
3, 5, 1811
What are the prime factors of 482924?
2, 13, 37, 251
List the prime factors of 731250.
2, 3, 5, 13
List the prime factors of 17948944.
2, 13, 86293
List the prime factors of 2066049.
3, 229561
What are the prime factors of 322007?
7, 157, 293
List the prime factors of 715425.
3, 5, 9539
What are the prime factors of 1435792?
2, 19, 4723
List the prime factors of 15685163.
13, 31, 38921
List the prime factors of 2766270.
2, 3, 5, 13, 4